is the highest common factor of n and d?
1
Let u = 73 + -29. Suppose -u = -8*p - 3*p. Suppose -p*l = j - 90, -l + 5*j + 56 = 2*l. What is the highest common divisor of 88 and l?
22
Let u(x) = 17*x - 246. Let r be u(15). Calculate the greatest common factor of 1719 and r.
9
Let m be (-73 + (6 + 18)/(-2))*-58. What is the greatest common factor of 2030 and m?
290
Let d be 5251/14 + -3*(-3)/(-126). Calculate the highest common divisor of d and 3.
3
Suppose -138*f = 4*k - 141*f - 4515, 5*f = -2*k + 2251. What is the highest common divisor of k and 8?
8
Suppose -337*r + 411*r = 3368 + 1368. Let p be (4 - 2) + 14*1. What is the highest common factor of r and p?
16
Let a = 1927 - 1915. What is the highest common divisor of a and 3684?
12
Suppose -12 = -0*j - 2*j. Suppose 63*u = 57*u - 1260. Let c = u + 252. Calculate the highest common factor of j and c.
6
Let h = -7571 + 7701. What is the greatest common divisor of h and 962?
26
Let g = 542 - 135. Suppose -g = -56*j + 55*j. What is the highest common divisor of 37 and j?
37
Let j(x) = 16*x**3 + 4*x - 4. Let p be j(1). Calculate the greatest common factor of 296 and p.
8
Let k(h) = 54*h - 81. Let z be k(2). Suppose -4*i + 10 = -2, 3*y = i + z. Calculate the highest common factor of y and 1090.
10
Let a = 6449 - 5079. What is the greatest common factor of a and 50?
10
Let z(a) be the second derivative of 3*a**5/20 + a**4 + a**3 + 2*a**2 - a + 24. Let b be z(-3). Calculate the greatest common divisor of 13 and b.
13
Suppose 15 = -7*k + 10*k. Suppose -k*o + 86 = -4*o + 3*a, 5*o - 414 = a. Let r be (-1 + 2)*(o + -2) + -1. Calculate the greatest common divisor of 32 and r.
16
Let p be (-402)/48*(-69 + -19). What is the highest common divisor of p and 1943?
67
Let o(c) = -c**3 + 16*c**2 + 89. Let n be o(16). Calculate the greatest common divisor of n and 1157.
89
Let k be (1 + 34/(-10))*(-670)/268. Let m be (-7)/(833/(-43302)) - k/(-51). What is the highest common divisor of 28 and m?
28
Suppose -7*h = -758 - 1489. Let r = 373 - h. What is the greatest common divisor of 4 and r?
4
Let l(f) = -660*f - 40. Let q be l(-5). Suppose 15*v = 20*v + q. Let p = v + 913. Calculate the greatest common factor of 29 and p.
29
Let m(p) be the second derivative of 31*p**4/12 + p**3/6 + 3*p**2 + 25*p. Let j be m(-2). Calculate the highest common factor of 8 and j.
8
Let r = 56 - -45. Suppose 2*a - 9 - r = w, -3*a = 5*w - 178. What is the greatest common divisor of a and 98?
14
Let h(f) = 4*f**3 + 16*f + 9*f**2 + 0*f**2 - 38*f**2 - 7. Let k be h(7). Calculate the highest common factor of 28 and k.
28
Suppose -4*j + 27*v - 25*v = -64, 7*j - 97 = v. Calculate the highest common divisor of 6227 and j.
13
Let d(v) = 3*v**3 - 54*v**2 + 19*v. Let n = -403 - -421. Let z be d(n). Calculate the greatest common factor of z and 38.
38
Suppose 16 = k - 3*s, 4*k + s + 10 = 5*k. Let v be 1002/k - (-20)/(-140). Calculate the highest common factor of 22 and v.
11
Suppose -15*i + 37 = -t + 536, 5*t - 4*i - 2140 = 0. Calculate the greatest common factor of t and 64.
8
Suppose 47*r = 23*r + 120. Suppose -3*q - 2*c = -27, 0*q = r*q + 4*c - 43. What is the greatest common divisor of q and 11?
11
Let p be (21/42)/((-3)/7)*-30. Calculate the greatest common divisor of 140 and p.
35
Let d be (1 - (-32 - -3))/(12/32). Let z = d + -76. Let u be 2*355/20 - 2/z. Calculate the greatest common factor of 14 and u.
7
Let r be 3*2/(-12)*(-157 + 11 + 8). Calculate the greatest common divisor of 2829 and r.
69
Let f(p) = -87*p + 1737. Let i be f(19). Calculate the greatest common factor of 2226 and i.
42
Let l be 837/186*(-154)/(-9). Calculate the greatest common factor of 1628 and l.
11
Let t(p) = -23*p**2 + 289*p + 5. Let j be t(8). Calculate the greatest common factor of 455 and j.
65
Let m = 12 + -103. Let y = 131 + m. Let k be ((-5)/2)/(4/(-512)). What is the greatest common divisor of y and k?
40
Suppose 12636 = -151*c + 177*c. What is the highest common divisor of 24 and c?
6
Suppose 9*l = 244 + 26. Suppose 0 = -12*i + 10*i - 3*k - 237, -k + 481 = -4*i. Let t be (72/i)/(2/(-20)). Calculate the greatest common divisor of l and t.
6
Let m(w) = -1765*w + 22946. Let n be m(13). Let y(h) = 4*h. Let v be y(2). Calculate the highest common divisor of v and n.
1
Let j = 11 + -8. Let k be 5/3 + 1/j - -1. Let x be 312/36*k/2. What is the greatest common divisor of x and 13?
13
Let u be 31/((-1054)/(-7803)) + 14/(-4). What is the highest common divisor of u and 4?
2
Let z be (-18)/(-8)*68/51. Suppose -z*u + m - 5*m = -1993, -m = -2*u + 1336. What is the greatest common divisor of 23 and u?
23
Suppose 3*b = 5*x - 107 - 340, -5*x = 2*b - 427. Suppose o + x = 119. What is the highest common factor of o and 56?
8
Let b(u) = -u**3 - 10*u**2 - 18*u - 7. Let z be b(-7). Let f = z + 62. Suppose 6*p - f = -4. What is the greatest common factor of p and 35?
5
Let h(k) = -k**2 + 3*k**2 - 3 - 41*k**3 + 2. Let w be h(1). Let d be ((-9)/6)/(3/w). What is the greatest common factor of d and 80?
20
Suppose -4*d + 1320 + 1254 = 2*m, -626 = -d - 4*m. Calculate the highest common factor of 38 and d.
38
Let c = -85 + 86. Let n(s) = 232*s**3 + 2*s**2 - s. Let o be n(c). Let r = o + -165. What is the highest common divisor of 17 and r?
17
Let x(w) = 45*w**2 - 3*w + 2. Let i be x(-3). Calculate the greatest common factor of i and 32.
32
Let t = -8573 - -8589. Calculate the highest common divisor of 5864 and t.
8
Suppose -5 = -2*o + 21. Suppose -16*j = -12*j - 288. Let f be 212 - (j/(-6))/(-3). Calculate the highest common divisor of f and o.
13
Let w(n) = -3*n**2 - 71*n**3 + 79*n**3 + 2*n**2. Let m(l) = -2*l - 3. Let k be m(-2). Let p be w(k). What is the highest common divisor of p and 7?
7
Let i be 244880/25 - 3/15. Calculate the highest common factor of i and 120.
15
Let a(y) = y**2 - 7*y + 12. Let o be a(6). Suppose 0 = -o*s - 2779 + 8023. What is the highest common factor of 46 and s?
46
Suppose 10435 + 23765 = 18*y. Suppose 12*q = 13472 + y. Calculate the greatest common divisor of 21 and q.
21
Suppose -3*r = 3*d - 1187 - 199, 930 = 2*r - d. What is the greatest common divisor of 15544 and r?
232
Suppose 0 = -2*n - 5*m + 402 + 190, 0 = -4*m. Let y = n - 276. What is the highest common factor of 12 and y?
4
Suppose -3*g + 9*g - 12 = 0. Let l be 1 + 33 - (6 - (4 - g)). Suppose -3*r = -l - 195. What is the highest common factor of r and 50?
25
Suppose -167 = -11*c + 42. Calculate the greatest common divisor of c and 133.
19
Let v(z) = -12*z**2 + 468*z - 206. Let i be v(38). Calculate the greatest common factor of 560 and i.
10
Suppose 0 = -3*g - 15, -2*d = -4*d - 5*g + 29. Let a = d + 523. What is the greatest common factor of 22 and a?
22
Let n be (-22)/((-572)/(-507))*(-8 - -6). What is the highest common divisor of n and 9?
3
Let d = 252 + 51. Let m = d + -297. Calculate the greatest common divisor of 42 and m.
6
Suppose -161*m = -159239 - 259668 - 4040. What is the greatest common divisor of m and 37?
37
Let d = 22687 - 22219. What is the greatest common divisor of 168 and d?
12
Suppose -3*f + 13 = -5. Let k(z) = 3*z**2 - 5*z - 34. Let l be k(f). Calculate the highest common divisor of l and 33.
11
Let v(z) = z**2 - 2*z + 5. Let r be v(-5). Let u = 886 - 746. What is the greatest common divisor of r and u?
20
Suppose 0*b + 33 = 3*b. Let l be (-2 - -2) + -1 - (b - -109). Let v = -65 - l. Calculate the greatest common divisor of v and 7.
7
Suppose -4*h - 43 = -2763. Suppose 4*r = 4*n + h, 4*n + 319 = 2*r - 17. What is the highest common divisor of r and 215?
43
Suppose -4 = 2*h + j - 13, 0 = 3*j + 3. Suppose -41 = -h*z - 5*f + 19, f = -5*z + 80. Calculate the greatest common divisor of z and 68.
17
Suppose -31*j - 114*j = 30*j - 6300. What is the highest common factor of 1089 and j?
9
Suppose -63 = 3*v - 69. Suppose 0 = 2*a + 8, 4*a - 110 = -v*z + 18. What is the greatest common divisor of 54 and z?
18
Let s(z) = 7*z + 24 + 18*z - 2*z + 0*z**2 + 2*z**2. Let l be s(-13). Calculate the greatest common divisor of l and 84.
21
Let l = 450 + -445. Suppose -l*u = 3*y - u - 248, 0 = 5*y + u - 402. Suppose r - 3*r = -64. What is the greatest common factor of y and r?
16
Let k = -1405 + 1505. Let x = 419 + -279. Calculate the highest common divisor of x and k.
20
Suppose 21*p - 16*p